{"id":1486,"date":"2023-09-18T23:00:39","date_gmt":"2023-09-18T23:00:39","guid":{"rendered":"https:\/\/tsvalemach-com-br.andamento.dev.br\/?page_id=1486"},"modified":"2023-09-26T19:19:30","modified_gmt":"2023-09-26T19:19:30","slug":"reforma-de-baterias","status":"publish","type":"page","link":"https:\/\/tsvalemach.com.br\/?page_id=1486","title":{"rendered":"Reforma de baterias"},"content":{"rendered":"\t\t<div data-elementor-type=\"wp-page\" data-elementor-id=\"1486\" class=\"elementor elementor-1486\" data-elementor-post-type=\"page\">\n\t\t\t\t\t\t\t\t\t<section class=\"elementor-section elementor-top-section elementor-element elementor-element-623ea53 elementor-section-boxed elementor-section-height-default elementor-section-height-default\" data-id=\"623ea53\" data-element_type=\"section\" data-settings=\"{&quot;background_background&quot;:&quot;classic&quot;}\">\n\t\t\t\t\t\t\t<div class=\"elementor-background-overlay\"><\/div>\n\t\t\t\t\t\t\t<div class=\"elementor-container elementor-column-gap-no\">\n\t\t\t\t\t<div class=\"elementor-column elementor-col-100 elementor-top-column elementor-element elementor-element-21ddeff\" data-id=\"21ddeff\" data-element_type=\"column\">\n\t\t\t<div class=\"elementor-widget-wrap elementor-element-populated\">\n\t\t\t\t\t\t\t\t<div class=\"elementor-element elementor-element-a09d3bc elementor-widget elementor-widget-heading\" data-id=\"a09d3bc\" data-element_type=\"widget\" data-widget_type=\"heading.default\">\n\t\t\t\t<div class=\"elementor-widget-container\">\n\t\t\t<style>\/*! elementor - v3.18.0 - 06-12-2023 *\/\n.elementor-heading-title{padding:0;margin:0;line-height:1}.elementor-widget-heading .elementor-heading-title[class*=elementor-size-]>a{color:inherit;font-size:inherit;line-height:inherit}.elementor-widget-heading .elementor-heading-title.elementor-size-small{font-size:15px}.elementor-widget-heading .elementor-heading-title.elementor-size-medium{font-size:19px}.elementor-widget-heading .elementor-heading-title.elementor-size-large{font-size:29px}.elementor-widget-heading .elementor-heading-title.elementor-size-xl{font-size:39px}.elementor-widget-heading .elementor-heading-title.elementor-size-xxl{font-size:59px}<\/style><h1 class=\"elementor-heading-title elementor-size-default\">Reforma de baterias\n<\/h1>\t\t<\/div>\n\t\t\t\t<\/div>\n\t\t\t\t\t<\/div>\n\t\t<\/div>\n\t\t\t\t\t\t\t<\/div>\n\t\t<\/section>\n\t\t\t\t<section class=\"elementor-section elementor-top-section elementor-element elementor-element-69ae3bf elementor-section-boxed elementor-section-height-default elementor-section-height-default\" data-id=\"69ae3bf\" data-element_type=\"section\" data-settings=\"{&quot;background_background&quot;:&quot;classic&quot;}\">\n\t\t\t\t\t\t\t<div class=\"elementor-background-overlay\"><\/div>\n\t\t\t\t\t\t\t<div class=\"elementor-container elementor-column-gap-no\">\n\t\t\t\t\t<div class=\"elementor-column elementor-col-100 elementor-top-column elementor-element elementor-element-3b6ea53\" data-id=\"3b6ea53\" data-element_type=\"column\">\n\t\t\t<div class=\"elementor-widget-wrap elementor-element-populated\">\n\t\t\t\t\t\t\t\t<section class=\"elementor-section elementor-inner-section elementor-element elementor-element-78d91f1 elementor-section-boxed elementor-section-height-default elementor-section-height-default\" data-id=\"78d91f1\" data-element_type=\"section\">\n\t\t\t\t\t\t<div class=\"elementor-container elementor-column-gap-default\">\n\t\t\t\t\t<div class=\"elementor-column elementor-col-50 elementor-inner-column elementor-element elementor-element-e31285f\" data-id=\"e31285f\" data-element_type=\"column\">\n\t\t\t<div class=\"elementor-widget-wrap elementor-element-populated\">\n\t\t\t\t\t\t\t\t<div class=\"elementor-element elementor-element-3720443 elementor-widget elementor-widget-image\" data-id=\"3720443\" data-element_type=\"widget\" data-widget_type=\"image.default\">\n\t\t\t\t<div class=\"elementor-widget-container\">\n\t\t\t<style>\/*! elementor - v3.18.0 - 06-12-2023 *\/\n.elementor-widget-image{text-align:center}.elementor-widget-image a{display:inline-block}.elementor-widget-image a img[src$=\".svg\"]{width:48px}.elementor-widget-image img{vertical-align:middle;display:inline-block}<\/style>\t\t\t\t\t\t\t\t\t\t\t\t<img fetchpriority=\"high\" decoding=\"async\" width=\"553\" height=\"529\" src=\"https:\/\/tsvalemach.com.br\/wp-content\/uploads\/2023\/09\/bateria-.webp\" class=\"elementor-animation-float attachment-large size-large wp-image-1539\" alt=\"\" srcset=\"https:\/\/tsvalemach.com.br\/wp-content\/uploads\/2023\/09\/bateria-.webp 553w, https:\/\/tsvalemach.com.br\/wp-content\/uploads\/2023\/09\/bateria--300x287.webp 300w\" sizes=\"(max-width: 553px) 100vw, 553px\" \/>\t\t\t\t\t\t\t\t\t\t\t\t\t\t\t<\/div>\n\t\t\t\t<\/div>\n\t\t\t\t\t<\/div>\n\t\t<\/div>\n\t\t\t\t<div class=\"elementor-column elementor-col-50 elementor-inner-column elementor-element elementor-element-a14a001\" data-id=\"a14a001\" data-element_type=\"column\">\n\t\t\t<div class=\"elementor-widget-wrap elementor-element-populated\">\n\t\t\t\t\t\t\t\t<div class=\"elementor-element elementor-element-a1f0cde elementor-widget elementor-widget-heading\" data-id=\"a1f0cde\" data-element_type=\"widget\" data-widget_type=\"heading.default\">\n\t\t\t\t<div class=\"elementor-widget-container\">\n\t\t\t<h6 class=\"elementor-heading-title elementor-size-default\">SERVI\u00c7OS<\/h6>\t\t<\/div>\n\t\t\t\t<\/div>\n\t\t\t\t<div class=\"elementor-element elementor-element-c4d0b65 elementor-widget elementor-widget-icon-box\" data-id=\"c4d0b65\" data-element_type=\"widget\" data-widget_type=\"icon-box.default\">\n\t\t\t\t<div class=\"elementor-widget-container\">\n\t\t\t<link rel=\"stylesheet\" href=\"https:\/\/tsvalemach.com.br\/wp-content\/plugins\/elementor\/assets\/css\/widget-icon-box.min.css\">\t\t<div class=\"elementor-icon-box-wrapper\">\n\t\t\t\t\t\t<div class=\"elementor-icon-box-content\">\n\t\t\t\t<h4 class=\"elementor-icon-box-title\">\n\t\t\t\t\t<span  >\n\t\t\t\t\t\tReforma de baterias\t\t\t\t\t<\/span>\n\t\t\t\t<\/h4>\n\t\t\t\t\t\t\t\t\t<p class=\"elementor-icon-box-description\">\n\t\t\t\t\t\tEntendemos que a manuten\u00e7\u00e3o\/reforma \u00e9 um servi\u00e7o que exige estrutura com qualidade, tecnologia e profissionais capacitados para avaliar, analisar e ent\u00e3o emitir um relat\u00f3rio e laudo seguro e preciso sobre a real condi\u00e7\u00e3o que se encontra a bateria.\t\t\t\t\t<\/p>\n\t\t\t\t\t\t\t<\/div>\n\t\t<\/div>\n\t\t\t\t<\/div>\n\t\t\t\t<\/div>\n\t\t\t\t<div class=\"elementor-element elementor-element-2de9adf elementor-mobile-align-justify elementor-widget elementor-widget-button\" data-id=\"2de9adf\" data-element_type=\"widget\" data-widget_type=\"button.default\">\n\t\t\t\t<div class=\"elementor-widget-container\">\n\t\t\t\t\t<div class=\"elementor-button-wrapper\">\n\t\t\t<a class=\"elementor-button elementor-button-link elementor-size-sm\" href=\"https:\/\/api.whatsapp.com\/send?phone=5547992676653\" target=\"_blank\">\n\t\t\t\t\t\t<span class=\"elementor-button-content-wrapper\">\n\t\t\t\t\t\t<span class=\"elementor-button-icon elementor-align-icon-left\">\n\t\t\t\t<i aria-hidden=\"true\" class=\"fas fa-phone-alt\"><\/i>\t\t\t<\/span>\n\t\t\t\t\t\t<span class=\"elementor-button-text\">FALE CONOSCO<\/span>\n\t\t<\/span>\n\t\t\t\t\t<\/a>\n\t\t<\/div>\n\t\t\t\t<\/div>\n\t\t\t\t<\/div>\n\t\t\t\t\t<\/div>\n\t\t<\/div>\n\t\t\t\t\t\t\t<\/div>\n\t\t<\/section>\n\t\t\t\t\t<\/div>\n\t\t<\/div>\n\t\t\t\t\t\t\t<\/div>\n\t\t<\/section>\n\t\t\t\t<section class=\"elementor-section elementor-top-section elementor-element elementor-element-953728a elementor-section-boxed elementor-section-height-default elementor-section-height-default\" data-id=\"953728a\" data-element_type=\"section\" data-settings=\"{&quot;background_background&quot;:&quot;classic&quot;}\">\n\t\t\t\t\t\t\t<div class=\"elementor-background-overlay\"><\/div>\n\t\t\t\t\t\t\t<div class=\"elementor-container elementor-column-gap-no\">\n\t\t\t\t\t<div class=\"elementor-column elementor-col-100 elementor-top-column elementor-element elementor-element-255f435\" data-id=\"255f435\" data-element_type=\"column\">\n\t\t\t<div class=\"elementor-widget-wrap elementor-element-populated\">\n\t\t\t\t\t\t\t\t<section class=\"elementor-section elementor-inner-section elementor-element elementor-element-fc6998b elementor-section-boxed elementor-section-height-default elementor-section-height-default\" data-id=\"fc6998b\" data-element_type=\"section\">\n\t\t\t\t\t\t<div class=\"elementor-container elementor-column-gap-no\">\n\t\t\t\t\t<div class=\"elementor-column elementor-col-33 elementor-inner-column elementor-element elementor-element-8ceab6b\" data-id=\"8ceab6b\" data-element_type=\"column\" data-settings=\"{&quot;background_background&quot;:&quot;classic&quot;}\">\n\t\t\t<div class=\"elementor-widget-wrap elementor-element-populated\">\n\t\t\t\t\t\t\t\t<div class=\"elementor-element elementor-element-26f7a2a elementor-view-default elementor-position-top elementor-mobile-position-top elementor-widget elementor-widget-icon-box\" data-id=\"26f7a2a\" data-element_type=\"widget\" data-widget_type=\"icon-box.default\">\n\t\t\t\t<div class=\"elementor-widget-container\">\n\t\t\t\t\t<div class=\"elementor-icon-box-wrapper\">\n\t\t\t\t\t\t<div class=\"elementor-icon-box-icon\">\n\t\t\t\t<span  class=\"elementor-icon elementor-animation-\">\n\t\t\t\t<i aria-hidden=\"true\" class=\"fas fa-map-marker-alt\"><\/i>\t\t\t\t<\/span>\n\t\t\t<\/div>\n\t\t\t\t\t\t<div class=\"elementor-icon-box-content\">\n\t\t\t\t<h6 class=\"elementor-icon-box-title\">\n\t\t\t\t\t<span  >\n\t\t\t\t\t\tEndere\u00e7o\t\t\t\t\t<\/span>\n\t\t\t\t<\/h6>\n\t\t\t\t\t\t\t\t\t<p class=\"elementor-icon-box-description\">\n\t\t\t\t\t\tRua Rufino Heidemann 214 - Rio Bonito\t\t\t\t\t<\/p>\n\t\t\t\t\t\t\t<\/div>\n\t\t<\/div>\n\t\t\t\t<\/div>\n\t\t\t\t<\/div>\n\t\t\t\t\t<\/div>\n\t\t<\/div>\n\t\t\t\t<div class=\"elementor-column elementor-col-33 elementor-inner-column elementor-element elementor-element-b0c9ce3\" data-id=\"b0c9ce3\" data-element_type=\"column\" data-settings=\"{&quot;background_background&quot;:&quot;classic&quot;}\">\n\t\t\t<div class=\"elementor-widget-wrap elementor-element-populated\">\n\t\t\t\t\t\t\t\t<div class=\"elementor-element elementor-element-2273931 elementor-view-default elementor-position-top elementor-mobile-position-top elementor-widget elementor-widget-icon-box\" data-id=\"2273931\" data-element_type=\"widget\" data-widget_type=\"icon-box.default\">\n\t\t\t\t<div class=\"elementor-widget-container\">\n\t\t\t\t\t<div class=\"elementor-icon-box-wrapper\">\n\t\t\t\t\t\t<div class=\"elementor-icon-box-icon\">\n\t\t\t\t<span  class=\"elementor-icon elementor-animation-\">\n\t\t\t\t<i aria-hidden=\"true\" class=\"fas fa-clock\"><\/i>\t\t\t\t<\/span>\n\t\t\t<\/div>\n\t\t\t\t\t\t<div class=\"elementor-icon-box-content\">\n\t\t\t\t<h6 class=\"elementor-icon-box-title\">\n\t\t\t\t\t<span  >\n\t\t\t\t\t\tHor\u00e1rio de atendimento\t\t\t\t\t<\/span>\n\t\t\t\t<\/h6>\n\t\t\t\t\t\t\t\t\t<p class=\"elementor-icon-box-description\">\n\t\t\t\t\t\t08:00 a 12:00 \u2013 13:15 a 18:00\t\t\t\t\t<\/p>\n\t\t\t\t\t\t\t<\/div>\n\t\t<\/div>\n\t\t\t\t<\/div>\n\t\t\t\t<\/div>\n\t\t\t\t\t<\/div>\n\t\t<\/div>\n\t\t\t\t<div class=\"elementor-column elementor-col-33 elementor-inner-column elementor-element elementor-element-908cbe7\" data-id=\"908cbe7\" data-element_type=\"column\" data-settings=\"{&quot;background_background&quot;:&quot;classic&quot;}\">\n\t\t\t<div class=\"elementor-widget-wrap elementor-element-populated\">\n\t\t\t\t\t\t\t\t<div class=\"elementor-element elementor-element-356e6d7 elementor-view-default elementor-position-top elementor-mobile-position-top elementor-widget elementor-widget-icon-box\" data-id=\"356e6d7\" data-element_type=\"widget\" data-widget_type=\"icon-box.default\">\n\t\t\t\t<div class=\"elementor-widget-container\">\n\t\t\t\t\t<div class=\"elementor-icon-box-wrapper\">\n\t\t\t\t\t\t<div class=\"elementor-icon-box-icon\">\n\t\t\t\t<span  class=\"elementor-icon elementor-animation-\">\n\t\t\t\t<i aria-hidden=\"true\" class=\"fas fa-phone-volume\"><\/i>\t\t\t\t<\/span>\n\t\t\t<\/div>\n\t\t\t\t\t\t<div class=\"elementor-icon-box-content\">\n\t\t\t\t<h6 class=\"elementor-icon-box-title\">\n\t\t\t\t\t<span  >\n\t\t\t\t\t\tTelefone\t\t\t\t\t<\/span>\n\t\t\t\t<\/h6>\n\t\t\t\t\t\t\t\t\t<p class=\"elementor-icon-box-description\">\n\t\t\t\t\t\t(47) 98912.1721 \/ (47) 99267.6653\t\t\t\t\t<\/p>\n\t\t\t\t\t\t\t<\/div>\n\t\t<\/div>\n\t\t\t\t<\/div>\n\t\t\t\t<\/div>\n\t\t\t\t\t<\/div>\n\t\t<\/div>\n\t\t\t\t\t\t\t<\/div>\n\t\t<\/section>\n\t\t\t\t\t<\/div>\n\t\t<\/div>\n\t\t\t\t\t\t\t<\/div>\n\t\t<\/section>\n\t\t\t\t\t\t\t<\/div>\n\t\t","protected":false},"excerpt":{"rendered":"<p>Reforma de baterias SERVI\u00c7OS Reforma de baterias Entendemos que a manuten\u00e7\u00e3o\/reforma \u00e9 um servi\u00e7o que exige estrutura com qualidade, tecnologia e profissionais capacitados para avaliar, analisar e ent\u00e3o emitir um relat\u00f3rio e laudo seguro e preciso sobre a real condi\u00e7\u00e3o que se encontra a bateria. FALE CONOSCO Endere\u00e7o Rua Rufino Heidemann 214 &#8211; Rio Bonito &hellip;<\/p>\n<p class=\"read-more\"> <a class=\"\" href=\"https:\/\/tsvalemach.com.br\/?page_id=1486\"> <span class=\"screen-reader-text\">Reforma de baterias<\/span> Leia mais &raquo;<\/a><\/p>\n","protected":false},"author":1,"featured_media":0,"parent":0,"menu_order":0,"comment_status":"closed","ping_status":"closed","template":"","meta":{"inline_featured_image":false,"site-sidebar-layout":"no-sidebar","site-content-layout":"page-builder","ast-site-content-layout":"","site-content-style":"default","site-sidebar-style":"default","ast-global-header-display":"","ast-banner-title-visibility":"","ast-main-header-display":"","ast-hfb-above-header-display":"","ast-hfb-below-header-display":"","ast-hfb-mobile-header-display":"","site-post-title":"disabled","ast-breadcrumbs-content":"disabled","ast-featured-img":"disabled","footer-sml-layout":"","theme-transparent-header-meta":"enabled","adv-header-id-meta":"","stick-header-meta":"","header-above-stick-meta":"","header-main-stick-meta":"","header-below-stick-meta":"","astra-migrate-meta-layouts":"","ast-page-background-enabled":"default","ast-page-background-meta":{"desktop":{"background-color":"","background-image":"","background-repeat":"repeat","background-position":"center center","background-size":"auto","background-attachment":"scroll","background-type":"","background-media":"","overlay-type":"","overlay-color":"","overlay-gradient":""},"tablet":{"background-color":"","background-image":"","background-repeat":"repeat","background-position":"center center","background-size":"auto","background-attachment":"scroll","background-type":"","background-media":"","overlay-type":"","overlay-color":"","overlay-gradient":""},"mobile":{"background-color":"","background-image":"","background-repeat":"repeat","background-position":"center center","background-size":"auto","background-attachment":"scroll","background-type":"","background-media":"","overlay-type":"","overlay-color":"","overlay-gradient":""}},"ast-content-background-meta":{"desktop":{"background-color":"var(--ast-global-color-5)","background-image":"","background-repeat":"repeat","background-position":"center center","background-size":"auto","background-attachment":"scroll","background-type":"","background-media":"","overlay-type":"","overlay-color":"","overlay-gradient":""},"tablet":{"background-color":"var(--ast-global-color-5)","background-image":"","background-repeat":"repeat","background-position":"center center","background-size":"auto","background-attachment":"scroll","background-type":"","background-media":"","overlay-type":"","overlay-color":"","overlay-gradient":""},"mobile":{"background-color":"var(--ast-global-color-5)","background-image":"","background-repeat":"repeat","background-position":"center center","background-size":"auto","background-attachment":"scroll","background-type":"","background-media":"","overlay-type":"","overlay-color":"","overlay-gradient":""}},"_joinchat":[],"footnotes":""},"class_list":["post-1486","page","type-page","status-publish","hentry"],"yoast_head":"<!-- This site is optimized with the Yoast SEO plugin v21.6 - https:\/\/yoast.com\/wordpress\/plugins\/seo\/ -->\n<title>Reforma de baterias - TS VALEMACH<\/title>\n<meta name=\"robots\" content=\"index, follow, max-snippet:-1, max-image-preview:large, max-video-preview:-1\" \/>\n<link rel=\"canonical\" href=\"https:\/\/tsvalemach.com.br\/?page_id=1486\" \/>\n<meta property=\"og:locale\" content=\"pt_BR\" \/>\n<meta property=\"og:type\" content=\"article\" \/>\n<meta property=\"og:title\" content=\"Reforma de baterias - TS VALEMACH\" \/>\n<meta property=\"og:description\" content=\"Reforma de baterias SERVI\u00c7OS Reforma de baterias Entendemos que a manuten\u00e7\u00e3o\/reforma \u00e9 um servi\u00e7o que exige estrutura com qualidade, tecnologia e profissionais capacitados para avaliar, analisar e ent\u00e3o emitir um relat\u00f3rio e laudo seguro e preciso sobre a real condi\u00e7\u00e3o que se encontra a bateria. FALE CONOSCO Endere\u00e7o Rua Rufino Heidemann 214 &#8211; Rio Bonito &hellip; Reforma de baterias Leia mais &raquo;\" \/>\n<meta property=\"og:url\" content=\"https:\/\/tsvalemach.com.br\/?page_id=1486\" \/>\n<meta property=\"og:site_name\" content=\"TS VALEMACH\" \/>\n<meta property=\"article:publisher\" content=\"https:\/\/www.facebook.com\/tsvalemach\/\" \/>\n<meta property=\"article:modified_time\" content=\"2023-09-26T19:19:30+00:00\" \/>\n<meta property=\"og:image\" content=\"https:\/\/tsvalemach.com.br\/wp-content\/uploads\/2023\/09\/bateria-.webp\" \/>\n<meta name=\"twitter:card\" content=\"summary_large_image\" \/>\n<meta name=\"twitter:label1\" content=\"Est. tempo de leitura\" \/>\n\t<meta name=\"twitter:data1\" content=\"1 minuto\" \/>\n<script type=\"application\/ld+json\" class=\"yoast-schema-graph\">{\"@context\":\"https:\/\/schema.org\",\"@graph\":[{\"@type\":\"WebPage\",\"@id\":\"https:\/\/tsvalemach.com.br\/?page_id=1486\",\"url\":\"https:\/\/tsvalemach.com.br\/?page_id=1486\",\"name\":\"Reforma de baterias - TS VALEMACH\",\"isPartOf\":{\"@id\":\"https:\/\/tsvalemach.com.br\/#website\"},\"datePublished\":\"2023-09-18T23:00:39+00:00\",\"dateModified\":\"2023-09-26T19:19:30+00:00\",\"breadcrumb\":{\"@id\":\"https:\/\/tsvalemach.com.br\/?page_id=1486#breadcrumb\"},\"inLanguage\":\"pt-BR\",\"potentialAction\":[{\"@type\":\"ReadAction\",\"target\":[\"https:\/\/tsvalemach.com.br\/?page_id=1486\"]}]},{\"@type\":\"BreadcrumbList\",\"@id\":\"https:\/\/tsvalemach.com.br\/?page_id=1486#breadcrumb\",\"itemListElement\":[{\"@type\":\"ListItem\",\"position\":1,\"name\":\"In\u00edcio\",\"item\":\"https:\/\/tsvalemach.com.br\/\"},{\"@type\":\"ListItem\",\"position\":2,\"name\":\"Reforma de baterias\"}]},{\"@type\":\"WebSite\",\"@id\":\"https:\/\/tsvalemach.com.br\/#website\",\"url\":\"https:\/\/tsvalemach.com.br\/\",\"name\":\"TS VALEMACH\",\"description\":\"A TS VALEMACH \u00e9 uma empresa especializada na manuten\u00e7\u00e3o em empilhadeiras el\u00e9tricas e combust\u00e3o\",\"publisher\":{\"@id\":\"https:\/\/tsvalemach.com.br\/#organization\"},\"potentialAction\":[{\"@type\":\"SearchAction\",\"target\":{\"@type\":\"EntryPoint\",\"urlTemplate\":\"https:\/\/tsvalemach.com.br\/?s={search_term_string}\"},\"query-input\":\"required name=search_term_string\"}],\"inLanguage\":\"pt-BR\"},{\"@type\":\"Organization\",\"@id\":\"https:\/\/tsvalemach.com.br\/#organization\",\"name\":\"TS VALEMACH\",\"url\":\"https:\/\/tsvalemach.com.br\/\",\"logo\":{\"@type\":\"ImageObject\",\"inLanguage\":\"pt-BR\",\"@id\":\"https:\/\/tsvalemach.com.br\/#\/schema\/logo\/image\/\",\"url\":\"https:\/\/tsvalemach.com.br\/wp-content\/uploads\/2021\/06\/logo-ts.png\",\"contentUrl\":\"https:\/\/tsvalemach.com.br\/wp-content\/uploads\/2021\/06\/logo-ts.png\",\"width\":627,\"height\":467,\"caption\":\"TS VALEMACH\"},\"image\":{\"@id\":\"https:\/\/tsvalemach.com.br\/#\/schema\/logo\/image\/\"},\"sameAs\":[\"https:\/\/www.facebook.com\/tsvalemach\/\",\"https:\/\/www.instagram.com\/tsvalemach\/\"]}]}<\/script>\n<!-- \/ Yoast SEO plugin. -->","yoast_head_json":{"title":"Reforma de baterias - TS VALEMACH","robots":{"index":"index","follow":"follow","max-snippet":"max-snippet:-1","max-image-preview":"max-image-preview:large","max-video-preview":"max-video-preview:-1"},"canonical":"https:\/\/tsvalemach.com.br\/?page_id=1486","og_locale":"pt_BR","og_type":"article","og_title":"Reforma de baterias - TS VALEMACH","og_description":"Reforma de baterias SERVI\u00c7OS Reforma de baterias Entendemos que a manuten\u00e7\u00e3o\/reforma \u00e9 um servi\u00e7o que exige estrutura com qualidade, tecnologia e profissionais capacitados para avaliar, analisar e ent\u00e3o emitir um relat\u00f3rio e laudo seguro e preciso sobre a real condi\u00e7\u00e3o que se encontra a bateria. FALE CONOSCO Endere\u00e7o Rua Rufino Heidemann 214 &#8211; Rio Bonito &hellip; Reforma de baterias Leia mais &raquo;","og_url":"https:\/\/tsvalemach.com.br\/?page_id=1486","og_site_name":"TS VALEMACH","article_publisher":"https:\/\/www.facebook.com\/tsvalemach\/","article_modified_time":"2023-09-26T19:19:30+00:00","og_image":[{"url":"https:\/\/tsvalemach.com.br\/wp-content\/uploads\/2023\/09\/bateria-.webp"}],"twitter_card":"summary_large_image","twitter_misc":{"Est. tempo de leitura":"1 minuto"},"schema":{"@context":"https:\/\/schema.org","@graph":[{"@type":"WebPage","@id":"https:\/\/tsvalemach.com.br\/?page_id=1486","url":"https:\/\/tsvalemach.com.br\/?page_id=1486","name":"Reforma de baterias - TS VALEMACH","isPartOf":{"@id":"https:\/\/tsvalemach.com.br\/#website"},"datePublished":"2023-09-18T23:00:39+00:00","dateModified":"2023-09-26T19:19:30+00:00","breadcrumb":{"@id":"https:\/\/tsvalemach.com.br\/?page_id=1486#breadcrumb"},"inLanguage":"pt-BR","potentialAction":[{"@type":"ReadAction","target":["https:\/\/tsvalemach.com.br\/?page_id=1486"]}]},{"@type":"BreadcrumbList","@id":"https:\/\/tsvalemach.com.br\/?page_id=1486#breadcrumb","itemListElement":[{"@type":"ListItem","position":1,"name":"In\u00edcio","item":"https:\/\/tsvalemach.com.br\/"},{"@type":"ListItem","position":2,"name":"Reforma de baterias"}]},{"@type":"WebSite","@id":"https:\/\/tsvalemach.com.br\/#website","url":"https:\/\/tsvalemach.com.br\/","name":"TS VALEMACH","description":"A TS VALEMACH \u00e9 uma empresa especializada na manuten\u00e7\u00e3o em empilhadeiras el\u00e9tricas e combust\u00e3o","publisher":{"@id":"https:\/\/tsvalemach.com.br\/#organization"},"potentialAction":[{"@type":"SearchAction","target":{"@type":"EntryPoint","urlTemplate":"https:\/\/tsvalemach.com.br\/?s={search_term_string}"},"query-input":"required name=search_term_string"}],"inLanguage":"pt-BR"},{"@type":"Organization","@id":"https:\/\/tsvalemach.com.br\/#organization","name":"TS VALEMACH","url":"https:\/\/tsvalemach.com.br\/","logo":{"@type":"ImageObject","inLanguage":"pt-BR","@id":"https:\/\/tsvalemach.com.br\/#\/schema\/logo\/image\/","url":"https:\/\/tsvalemach.com.br\/wp-content\/uploads\/2021\/06\/logo-ts.png","contentUrl":"https:\/\/tsvalemach.com.br\/wp-content\/uploads\/2021\/06\/logo-ts.png","width":627,"height":467,"caption":"TS VALEMACH"},"image":{"@id":"https:\/\/tsvalemach.com.br\/#\/schema\/logo\/image\/"},"sameAs":["https:\/\/www.facebook.com\/tsvalemach\/","https:\/\/www.instagram.com\/tsvalemach\/"]}]}},"_links":{"self":[{"href":"https:\/\/tsvalemach.com.br\/index.php?rest_route=\/wp\/v2\/pages\/1486","targetHints":{"allow":["GET"]}}],"collection":[{"href":"https:\/\/tsvalemach.com.br\/index.php?rest_route=\/wp\/v2\/pages"}],"about":[{"href":"https:\/\/tsvalemach.com.br\/index.php?rest_route=\/wp\/v2\/types\/page"}],"author":[{"embeddable":true,"href":"https:\/\/tsvalemach.com.br\/index.php?rest_route=\/wp\/v2\/users\/1"}],"replies":[{"embeddable":true,"href":"https:\/\/tsvalemach.com.br\/index.php?rest_route=%2Fwp%2Fv2%2Fcomments&post=1486"}],"version-history":[{"count":19,"href":"https:\/\/tsvalemach.com.br\/index.php?rest_route=\/wp\/v2\/pages\/1486\/revisions"}],"predecessor-version":[{"id":1654,"href":"https:\/\/tsvalemach.com.br\/index.php?rest_route=\/wp\/v2\/pages\/1486\/revisions\/1654"}],"wp:attachment":[{"href":"https:\/\/tsvalemach.com.br\/index.php?rest_route=%2Fwp%2Fv2%2Fmedia&parent=1486"}],"curies":[{"name":"wp","href":"https:\/\/api.w.org\/{rel}","templated":true}]}}